ided by l(-14).
9
Suppose 4*s - 241 = -29. Calculate the remainder when s is divided by (16 - (-2 + 4))/(5/10).
25
Suppose -989 = -4*h + 3*q, -3*q - 1240 = -9*h + 4*h. Calculate the remainder when h is divided by 30.
11
Suppose 2*o + 17 = 4*f - 17, -o + 3 = 0. Let p(i) = -57*i - 2*i**3 - 14 - 13*i**2 + 3*i**3 + 46*i. Calculate the remainder when p(14) is divided by f.
8
Let t be -6*(1 + (-56)/3). Suppose -146 - t = -4*f. Suppose 3*v = 5*a - 0*v - 83, 63 = 4*a + v. What is the remainder when f is divided by a?
15
Suppose 0 = -15*w + 77 + 43. What is the remainder when w - (-7)/(7/3) is divided by 4?
3
Calculate the remainder when (-7345)/(-52) + -5 + 5/(-4) is divided by 16.
7
Suppose -3*p = -12, 4*i - 5*p + 51 - 7 = 0. Suppose -50 = -3*v + 13. Calculate the remainder when 33 is divided by (v/(-6))/(3/i).
5
Let o be (4/(-8))/(2 + 18/(-8)). Let a(q) = 4*q**3 - 2*q**2 - 2*q + 1. Calculate the remainder when a(o) is divided by 11.
10
Let r(f) = 115*f - 1 - 123*f + 0 + 12. Calculate the remainder when 53 is divided by r(-2).
26
Let m = -305 + 325. Let k = -125 - -222. What is the remainder when k is divided by m?
17
Let h(o) = o**3 + o**2 - 3. Let q be h(0). Let t(w) = w**2 - 5*w - 10. Let s = 40 + 13. Calculate the remainder when s is divided by t(q).
11
Let k = -190 - -204. Calculate the remainder when 40 is divided by k.
12
Let g(u) = 4*u - 5. Let h be (4/6)/1*3. Suppose 22 - 4 = h*v - 3*y, 4*v = 5*y + 36. What is the remainder when g(5) is divided by v?
6
Suppose 2*p = 4*m - 980, -5*m + 3*m + 4*p = -502. Suppose m = 5*v - 22. What is the remainder when v is divided by 9?
8
Calculate the remainder when 257 is divided by 7*(-7)/(-147)*195.
62
Let r = -1808 - -1812. What is the remainder when 101 is divided by r?
1
Suppose 2*a - 31 = 5*t - 61, 33 = 2*t - 5*a. Calculate the remainder when 392 is divided by t.
0
Suppose 147*g = 152*g - 485. Let b = g - -9. Suppose 3*a - 56 = -3*m + 31, 2*a - 52 = m. What is the remainder when b is divided by a?
25
What is the remainder when 106 - (-2 - -10 - 6) is divided by 33?
5
Let n = 88 - 49. Suppose 2*p = 9*p - 70. Suppose 5*d - 115 = 3*i, 2*i = -p - 0. Calculate the remainder when n is divided by d.
19
Suppose 117 = 6*b - 141. What is the remainder when 815 is divided by b?
41
Let b(j) be the third derivative of 7*j**4/24 - j**3/2 - 2*j**2. Let w be ((-3)/(-9))/(8/48). Calculate the remainder when b(w) is divided by 3.
2
Suppose 7*r - 9*r + 3*a + 121 = 0, 0 = 2*r + 2*a - 126. Calculate the remainder when r is divided by 5.
2
Let x be 0 + 0 + -3 - -1. Suppose -2*d = -2*k + 34 + 62, 4*k + 2*d = 198. What is the remainder when k is divided by x + (-1 - 32/(-2))?
10
Let q(c) = -c**3 - 15*c**2 - 44*c + 22. Calculate the remainder when q(-14) is divided by 74.
72
Calculate the remainder when 268 is divided by 27/63 + (-621)/(-21).
28
Suppose -5*a = n - 0*n - 823, 483 = 3*a - 3*n. What is the remainder when a is divided by 42?
38
Let c be 8*3/18*3. Suppose -z - 1 = -c. What is the remainder when (-267)/(-9) - 2/z is divided by 10?
9
Suppose -2*j = -5*c - j + 211, 2*j + 164 = 4*c. What is the remainder when c is divided by (24/(-10))/((-4 - -3)*(-56)/(-280))?
7
Let k = 2966 + -2866. Calculate the remainder when 302 is divided by k.
2
Suppose 149 = 4*a - 35. Let s = -65 - -67. Calculate the remainder when a is divided by ((-11)/s - -4) + (-51)/(-2).
22
Let j = 6 - -15. Suppose -5*t = -j + 6. Suppose l - 45 = -t*f, 2*f + l - 13 = 6*l. Calculate the remainder when 54 is divided by f.
12
Suppose 0 = 3*x + 3*x - 30. Suppose 5*z - 71 = -0*q + 4*q, -x*z - 5*q + 35 = 0. What is the remainder when 19 is divided by z?
8
Suppose 5*r - 40 - 20 = 5*l, -2*r - 5*l = -45. What is the remainder when 310 is divided by r?
10
Suppose -4*l = b + 41, -5*b + 13 = -4*l - 22. What is the remainder when (10/(-3))/(l/195) is divided by 33?
32
Let z(l) = l**3 + 7*l**2 + 8*l + 7. Suppose -676 = -23*p + 842. Calculate the remainder when p is divided by z(-5).
15
Let t(s) = 2*s**2 - 2*s + 1. Let b be t(2). Suppose b*w = 4*w + 3. Suppose 5*f + 20 = 0, p - 2*f - w*f = 32. What is the remainder when p is divided by 5?
2
Let o be 433/4 + 27/36. Let n = o + -68. Calculate the remainder when 162 is divided by n.
39
Suppose -a - 4*a = m + 11, 3*a + 5 = -m. Suppose 2*h = 2 + 32. Suppose -5*k + h = -28. Calculate the remainder when k is divided by m.
1
Let z = -10 - -148. What is the remainder when z is divided by 39?
21
Suppose -15 = -4*a + 5*a. Let h(n) = -3*n - 18. Let q(y) = -16*y - 2. Calculate the remainder when q(-5) is divided by h(a).
24
Let q(n) = n**2 + 19*n - 23. Let k be q(-21). Suppose 2*v = 21 + k. Calculate the remainder when v is divided by 7.
6
Let x be -1 + 1/(-2) + 119/14. Suppose x*u - 5*u - 24 = 0. What is the remainder when 57 is divided by u?
9
Let i(n) = 3*n**2 - 131*n + 73. Suppose -2*l + 8 = -5*f - 7, -5*l + 87 = 4*f. What is the remainder when i(44) is divided by l?
12
Suppose -9*l + 467 = -4*l - m, 0 = 2*m + 4. Let j = 18 - 10. Calculate the remainder when l is divided by j.
5
Suppose 285*z = 286*z - 495. Calculate the remainder when z is divided by 71.
69
Suppose 7 = -o + 47. Suppose 8*p + 4*f - 68 = 0, 0 = -5*p + 5*f - f + 23. What is the remainder when o is divided by p?
5
Let v = 1093 + -1040. What is the remainder when 123 is divided by v?
17
Let y = -5 + -1. Let q(z) be the third derivative of -z**6/120 - z**5/15 + z**4/3 + z**3/2 - 5*z**2. What is the remainder when q(y) is divided by 14?
13
Let k be ((-1)/(-1))/((-2)/(-110)). Suppose -m = -x + k, -4*m = x + x - 92. Suppose 6*h = -194 + 278. Calculate the remainder when x is divided by h.
10
Let l = -1158 - -1275. Calculate the remainder when l is divided by 75.
42
Let t = -33 - -66. Let v(h) = h**2 - 15*h - 4. Let m be v(7). Calculate the remainder when t is divided by (m/(-21) + -2)*21.
15
Suppose -4*u - 3 + 75 = 0. Suppose 20*q - u = 19*q. What is the remainder when 88 is divided by q?
16
Suppose 10*r = -23*r + 1287. What is the remainder when 661 is divided by r?
37
Let j be 808/5 - 2/(-5). Suppose j = 3*x - 45. Suppose 2*c = 77 + x. Calculate the remainder when c is divided by 25.
23
Calculate the remainder when (-12)/42 + 9/((-252)/(-6056)) is divided by 42.
6
Suppose -10*k - 2*i = -3*i - 524, -5*k = i - 256. Calculate the remainder when 258 is divided by k.
50
Suppose 0 = -3*u - 2*c + 3*c + 64, 3*u - 5*c - 44 = 0. Suppose -2*i + u = 3. Calculate the remainder when 18 is divided by i.
8
Suppose -4*l + 3*t + 12 = -l, -5*t = l - 28. What is the remainder when 87 is divided by l?
7
Let k = 89 - 36. Calculate the remainder when 103 is divided by k.
50
Suppose -4*t + 3*p + 147 = 0, t + 0*p + 3*p = 18. Let l = 58 - 45. What is the remainder when t is divided by l?
7
Let q(b) = -b + 7. Suppose -3*w - 2*t = -7*w - 32, 0 = -5*w - 5*t - 55. What is the remainder when 29 is divided by q(w)?
13
Let g(q) = q + 5. Calculate the remainder when g(6) is divided by 1 - (-34)/6 - 16/24.
5
Let c(x) be the third derivative of 5*x**4/12 - x**3/6 - 9*x**2. What is the remainder when c(1) is divided by 2?
1
Suppose -28*v + 18*v = -3880. What is the remainder when v is divided by 15?
13
Let j(s) = -3*s**3 - 46*s**2 + 35*s + 56. Calculate the remainder when 109 is divided by j(-16).
5
Let a(g) be the first derivative of g**3/3 - 3*g**2/2 - 5*g - 4. Let n(r) = -2*r - 2. Let u be n(3). What is the remainder when a(u) is divided by 29?
25
Let m(v) = -25*v + 369. Calculate the remainder when m(11) is divided by 27.
13
Let g = 18 - 5. Suppose -111 = -7*r + 4*r. Calculate the remainder when r is divided by g.
11
Suppose 0 = -7*w + 5*j + 3909, 3*j = -2*w + j + 1134. Calculate the remainder when w is divided by 9.
4
What is the remainder when 147 is divided by 2/18 + 0 + 979/99?
7
Let y(i) = i**3 + 15*i**2 + 27*i + 20. Let a = -10 - -15. Suppose 172 = a*f + 2*b, 4*f - b - b = 134. Calculate the remainder when f is divided by y(-13).
6
Calculate the remainder when (-45172)/(-36) + (-190)/(-45) + -4 is divided by 74.
71
Suppose -5*w - 2*r - 10 = 0, -5*w + 1 = -5*r - 24. Suppose z = -w*z + 3. Let m(h) = h + 7. Calculate the remainder when z is divided by m(-6).
0
Let j = -18 - -16. Let m be (-8)/(1/(1/j)). What is the remainder when 6/4 + 54/m is divided by 6?
3
Suppose 3*m - 35 = -2*m. Let w be 